{"id":606,"date":"2011-01-16T16:39:58","date_gmt":"2011-01-16T14:39:58","guid":{"rendered":"http:\/\/www.unnouveaumonde.org\/site\/?page_id=606"},"modified":"2018-02-07T17:30:35","modified_gmt":"2018-02-07T15:30:35","slug":"vieille-medecine","status":"publish","type":"page","link":"http:\/\/www.unnouveaumonde.org\/site\/sante\/vieille-medecine\/","title":{"rendered":"L&rsquo;Hypnose : M\u00e9decine de l&rsquo;Ame"},"content":{"rendered":"<p><strong>\u00a0<\/strong><\/p>\n<p style=\"font-size: 18px; text-decoration: underline;\"><strong>L\u2019hypnose pour soulager ses maux en douceur\u00a0!<\/strong><\/p>\n<p style=\"font-size: 18px; text-decoration: underline;\"><strong>\u00a0<\/strong><\/p>\n<p><img decoding=\"async\" loading=\"lazy\" class=\"alignleft size-thumbnail wp-image-614\" title=\"hypnose-escalier\" alt=\"hypnose-escalier\" src=\"http:\/\/www.unnouveaumonde.org\/site\/wp-content\/uploads\/hypnose-escalier1-150x150.jpg\" width=\"150\" height=\"150\" \/><\/p>\n<p>&nbsp;<\/p>\n<p>Les premi\u00e8res traces apparaissent il y a\u00a0 plus de 6000 ans en M\u00e9sopotamie, o\u00f9 les sum\u00e9riens pratiquaient d\u00e9j\u00e0 l\u2019accompagnement en paroles.<\/p>\n<p>Un manuscrit cun\u00e9iforme d\u00e9crit des gu\u00e9risons obtenues gr\u00e2ce aux \u00ab\u00a0<strong>Etats Modifi\u00e9s de Conscience<\/strong>\u00a0\u00bb. Les trois \u00e9tats de transe hypnotiques (re)d\u00e9couverts au 19e \u00a0si\u00e8cle par Charcot y sont m\u00eame d\u00e9j\u00e0 expliqu\u00e9s\u00a0!<\/p>\n<p>&nbsp;<\/p>\n<p>Il y a 3000 ans, en Egypte sous Rams\u00e8s II, nous avons la description d\u2019une s\u00e9ance \u00ab\u00a0d\u2019hypnose\u00a0\u00bb \u00a0sur une st\u00e8le d\u00e9couverte par Mus\u00e8s en 1972.<\/p>\n<p>En Gr\u00e8ce, Socrate se d\u00e9crit lui-m\u00eame comme \u00ab\u00a0<strong>accoucheur d\u2019\u00e2mes<\/strong>\u00a0\u00bb.<\/p>\n<p>Les druides, les pr\u00eatres, les chamans, \u2026, Paracelse, Mesmer, l\u2019Abb\u00e9 de Faria, Bernheim, Charcot, Li\u00e9geois, Freud, Tokarski, Pavlov, Cou\u00e9, Erickson, Platonov, \u2026 et beaucoup d\u2019autres encore, ont utilis\u00e9s cette m\u00e9decine avec talent. Au troisi\u00e8me mill\u00e9naire, elle est \u00e0 red\u00e9couvrir absolument.<\/p>\n<p style=\"font-size: 16px;\"><strong>Vous n\u2019arrivez pas \u00e0 changer consciemment\u00a0? <\/strong><\/p>\n<p style=\"font-size: 16px;\"><strong>Laissez faire votre inconscient\u00a0!!!<\/strong><\/p>\n<p style=\"font-size: 16px;\"><strong>\u00a0<\/strong><\/p>\n<p><img decoding=\"async\" loading=\"lazy\" class=\"alignleft size-thumbnail wp-image-615\" title=\"hypnose-tabac\" alt=\"hypnose-tabac\" src=\"http:\/\/www.unnouveaumonde.org\/site\/wp-content\/uploads\/hypnose-tabac1-150x150.jpg\" width=\"150\" height=\"150\" \/><\/p>\n<p>Dans les indications de traitement par l\u2019hypnose, on peut citer\u00a0: les troubles du comportement alimentaire, l\u2019anxi\u00e9t\u00e9, la d\u00e9pression, le stress, les migraines, les addictions, les phobies, les peurs incontr\u00f4l\u00e9es, l\u2019insomnie, les troubles psychosomatiques, &#8230; On peut aussi citer : le trac, les traumatismes infantiles, les probl\u00e8mes de peau (allergies, ecz\u00e9ma, verrues,\u2026), le soulagement des douleurs chroniques, l\u2019\u00e9nur\u00e9sie, les acouph\u00e8nes, l\u2019anesth\u00e9sie en chirurgie ou dentisterie, la prise en charge de l\u2019angoisse dans l\u2019accompagnement en soins palliatifs, etc.<\/p>\n<p>&nbsp;<\/p>\n<p>On peut noter aussi\u00a0: la pr\u00e9paration mentale aux examens, aux comp\u00e9titions, l\u2019aide au discernement dans les prises de d\u00e9cision, dans l\u2019orientation professionnelle, les changements de vie, \u2026, \u00a0et la liste ne s\u2019arr\u00eate pas l\u00e0 bien \u00e9videmment.<\/p>\n<p style=\"font-size: 14px;\"><strong>Les valeurs de l\u2019Hypnoth\u00e9rapeute\u00a0:<\/strong><\/p>\n<p>Le respect de la personne, de sa raison d\u2019\u00eatre, de sa culture, de ses valeurs, de ses rythmes et du contexte.<\/p>\n<p>Son professionnalisme\u00a0: savoir \u00e9couter, analyser, guider pour obtenir les objectifs les mieux adapt\u00e9s aux besoins de chaque individu, en disposant d\u2019une d\u00e9ontologie, affich\u00e9e et respect\u00e9e.<\/p>\n<p style=\"font-size: 14px;\"><strong>L\u2019hypnose s\u2019accorde \u00e0 lib\u00e9rer le potentiel naturel de la personne et \u00e0 le focaliser sur l\u2019objectif d\u00e9fini. Trois \u00e9tapes sont n\u00e9cessaires\u00a0: volont\u00e9, r\u00e9ussite et gestion du succ\u00e8s.<\/strong><\/p>\n<p>\u00a0L\u2019hypnose est reconnue par l\u2019Universit\u00e9 qui d\u00e9livre des Dipl\u00f4mes d\u2019Etudes Sp\u00e9cialis\u00e9es en Hypnose, ces derni\u00e8res enseign\u00e9es par des m\u00e9decins. Elle est \u00e9galement reconnue par le Conseil de l\u2019ordre des M\u00e9decins mais non pas h\u00e9las, par la S\u00e9curit\u00e9 Sociale \u00a0!!!<\/p>\n<p style=\"font-size: 14px;\"><strong>Mais o\u00f9 trouver un praticien de confiance\u00a0?<\/strong><\/p>\n<p><img decoding=\"async\" loading=\"lazy\" class=\"alignleft size-thumbnail wp-image-616\" title=\"hypnose-iceberg\" alt=\"hypnose-iceberg\" src=\"http:\/\/www.unnouveaumonde.org\/site\/wp-content\/uploads\/hypnose-iceberg1-150x150.jpg\" width=\"150\" height=\"150\" \/><\/p>\n<p>Attention, c\u2019est un domaine comme tant d\u2019autres o\u00f9 les charlatans existent en\u00a0nombre \u00a0!!!<\/p>\n<p>Fiez-vous d\u2019une part au bouche-\u00e0-oreille. D\u2019autre part, v\u00e9rifiez quelle est sa formation de base (m\u00e9decin psychiatre, psychologue clinicien) et quel a \u00e9t\u00e9 son cursus de formation. Pour information, \u00a0les principales \u00e9coles fran\u00e7aises en hypnose traditionnelle sont la Soci\u00e9t\u00e9 Fran\u00e7aise d\u2019hypnose et l\u2019Association Fran\u00e7aise pour l\u2019\u00e9tude de l\u2019hypnose m\u00e9dicale.<\/p>\n<p>&nbsp;<\/p>\n<p>Les 7 mai, 4 Juin et 2 Juillet 2010, j\u2019ai r\u00e9alis\u00e9 trois \u00e9missions avec St\u00e9phane Pi\u00e9tra, Psychologue Clinicien \u00e0 l\u2019H\u00f4pital San Salvadour \u00e0 Hy\u00e8res, et Hypnoth\u00e9rapeute Lib\u00e9ral \u00e0 Marseille. \u00a0J\u2019esp\u00e8re qu\u2019elles vous apporteront la lumi\u00e8re sur ce sujet qui sent encore le soufre m\u00eame \u00e0 notre \u00e9poque\u00a0!!!<\/p>\n<p>N\u2019h\u00e9sitez pas \u00e0 me contacter sur le site pour plus de renseignements ou mieux \u00e0 joindre directement\u00a0 St\u00e9phane Pi\u00e9tra au 04.91.85.42.43 ou au 06.03.12.44.74 avec qui j\u2019ai test\u00e9\u00a0les soins par l\u2019hypnoth\u00e9rapie, avec succ\u00e8s bien s\u00fbr !<\/p>\n<p>&nbsp;<\/p>\n<p><strong>Liens vers les trois \u00e9missions \u00e0 enregistrer sur votre bureau en mp3\u00a0:<\/strong><\/p>\n<p>Emission 1\u00a0: <a href=\"http:\/\/www.mediafire.com\/?y2dkqw2yrdph92d\">http:\/\/www.mediafire.com\/?y2dkqw2yrdph92d<\/a><\/p>\n<p>Emission 2\u00a0: <a href=\"http:\/\/www.mediafire.com\/?k5r3v5rn2jazpuu\">http:\/\/www.mediafire.com\/?k5r3v5rn2jazpuu<\/a><\/p>\n<p>Emission 3\u00a0: <a href=\"http:\/\/www.mediafire.com\/?giajoucd2ub4tsx\">http:\/\/www.mediafire.com\/?giajoucd2ub4tsx<\/a><\/p>\n<p>&nbsp;<\/p>\n<p>&nbsp;<\/p>\n<p>&nbsp;<\/p>\n","protected":false},"excerpt":{"rendered":"<p>\u00a0 L\u2019hypnose pour soulager ses maux en douceur\u00a0! \u00a0 &nbsp; Les premi\u00e8res traces apparaissent il y a\u00a0 plus de 6000 ans en M\u00e9sopotamie, o\u00f9 les sum\u00e9riens pratiquaient d\u00e9j\u00e0 l\u2019accompagnement en <a class=\"more-link\" href=\"http:\/\/www.unnouveaumonde.org\/site\/sante\/vieille-medecine\/\">&#8230; Lire plus \u2192<\/a><\/p>\n","protected":false},"author":1,"featured_media":0,"parent":1771,"menu_order":0,"comment_status":"open","ping_status":"closed","template":"","meta":[],"_links":{"self":[{"href":"http:\/\/www.unnouveaumonde.org\/site\/wp-json\/wp\/v2\/pages\/606"}],"collection":[{"href":"http:\/\/www.unnouveaumonde.org\/site\/wp-json\/wp\/v2\/pages"}],"about":[{"href":"http:\/\/www.unnouveaumonde.org\/site\/wp-json\/wp\/v2\/types\/page"}],"author":[{"embeddable":true,"href":"http:\/\/www.unnouveaumonde.org\/site\/wp-json\/wp\/v2\/users\/1"}],"replies":[{"embeddable":true,"href":"http:\/\/www.unnouveaumonde.org\/site\/wp-json\/wp\/v2\/comments?post=606"}],"version-history":[{"count":0,"href":"http:\/\/www.unnouveaumonde.org\/site\/wp-json\/wp\/v2\/pages\/606\/revisions"}],"up":[{"embeddable":true,"href":"http:\/\/www.unnouveaumonde.org\/site\/wp-json\/wp\/v2\/pages\/1771"}],"wp:attachment":[{"href":"http:\/\/www.unnouveaumonde.org\/site\/wp-json\/wp\/v2\/media?parent=606"}],"curies":[{"name":"wp","href":"https:\/\/api.w.org\/{rel}","templated":true}]}}