{"id":2,"date":"2010-09-07T19:26:07","date_gmt":"2010-09-07T17:26:07","guid":{"rendered":"http:\/\/www.unnouveaumonde.org\/site\/?page_id=2"},"modified":"2018-03-22T19:03:45","modified_gmt":"2018-03-22T17:03:45","slug":"a-propos","status":"publish","type":"page","link":"http:\/\/www.unnouveaumonde.org\/site\/","title":{"rendered":"Accueil"},"content":{"rendered":"<div>\n<table style=\"border-top: 1px solid #ffffff;\">\n<tbody>\n<tr style=\"height: 145px;\">\n<td style=\"text-align: left; width: 158.683px; padding-top: 10px; height: 145px; border-top: 1px solid #ffffff;\"><a><img decoding=\"async\" loading=\"lazy\" class=\"wp-image-1777 alignnone\" style=\"margin-right: 10px; margin-top: 07px;\" src=\"http:\/\/www.unnouveaumonde.org\/site\/wp-content\/uploads\/KRIS.png\" alt=\"\" width=\"152\" height=\"154\" \/><\/a><\/td>\n<td style=\"width: 498.317px; text-align: justify; vertical-align: top; height: 145px;\">&nbsp;<\/p>\n<p><span style=\"font-family: georgia, palatino, serif;\"><span style=\"font-family: georgia, palatino, serif;\"><span style=\"font-size: 12pt;\">Comme notre\u00a0petite n\u00e9buleuse H\u00e9lix, appel\u00e9e\u00a0souvent \u00ab\u0152il de Dieu \u00bb je suis l\u00e0 pour vous faire un clin d\u2019\u0153il et vous encourager si besoin est \u00e0 changer de conscience. Je n\u2019ai rien \u00e0 vendre, ni stage, ni formation, ni coaching. Ce site a juste \u00e9t\u00e9 cr\u00e9\u00e9 pour pouvoir \u00e9changer r\u00e9flexions, messages, coups de c\u0153ur, ou autres \u2026 avec vous.<\/span><\/span><\/span><\/td>\n<\/tr>\n<\/tbody>\n<\/table>\n<p style=\"text-align: justify;\"><em>Le monde est en plein \u00ab\u00a0chaos\u00a0\u00bb de par son \u00e9go\u00efsme, son besoin de pouvoir, de mat\u00e9riel, mais simultan\u00e9ment, il n\u2019a jamais \u00e9t\u00e9 autant en recherche de \u00ab\u00a0Spiritualit\u00e9\u00a0\u00bb, d\u2019Amour,\u00a0de S\u00e9r\u00e9nit\u00e9. Fort heureusement, dans le silence le plus total, un r\u00e9veil des consciences est en cours. Avez-vous envie d&rsquo;y prendre part ?<\/em><\/p>\n<\/div>\n<div style=\"text-align: justify;\"><em>Vaclav Havel, cet \u00e9crivain philosophe et po\u00e8te, a os\u00e9 y croire. Il a su faire en son temps une <strong>\u00abR\u00e9volution pacifique\u00bb<\/strong> lorsque personne n\u2019y croyait et il a gagn\u00e9. Avec Gandhi, appel\u00e9 fort souvent le \u00ab\u00a0Mah\u00e2tm\u00e2\u00a0\u00bb aim\u00e9, ou \u00ab\u00a0Grande lumi\u00e8re\u00a0\u00bb, avec Martin Luther King, nous avons des exemples d&rsquo;humains qui ont voulu vivre\u00a0\u00ab\u00a0debout\u00a0\u00bb, dans la Force, la Beaut\u00e9, la Sagesse, pour atteindre l&rsquo;Harmonie et la Paix. <\/em><\/div>\n<div>.<\/div>\n<div style=\"text-align: justify;\"><em>Je souhaite que mes pens\u00e9es vous int\u00e9ressent, vous interrogent et peut-\u00eatre\u00a0vous engagent \u00e0 avancer dans la qu\u00eate int\u00e9rieure du sens \u00e0 votre vie. Elles sont pour la plupart en vers &#8230; mais la po\u00e9sie n&rsquo;est-elle pas le \u00ab\u00a0langage du c\u0153ur \u00bb ? <\/em><\/div>\n<div style=\"text-align: justify;\"><em>Soyez gentils, cliquez sur \u00ab\u00a0Contact\u00a0\u00bb pour me mettre un petit message et ainsi me livrer votre ressenti, vos suggestions, vos critiques\u00a0&#8230;<\/em><\/div>\n<div><\/div>\n<div>.<\/div>\n<div style=\"text-align: center;\"><a href=\"http:\/\/www.unnouveaumonde.org\/site\/a-propos\/rose-de-noel\/\" rel=\"attachment wp-att-1804\"><img decoding=\"async\" loading=\"lazy\" class=\"aligncenter wp-image-1804\" src=\"http:\/\/www.unnouveaumonde.org\/site\/wp-content\/uploads\/rose-de-no\u00ebl-300x225.jpg\" alt=\"\" width=\"374\" height=\"284\" \/><\/a><\/div>\n<div style=\"text-align: justify;\"><em>En cliquant sur\u00a0 le <span style=\"text-decoration: underline;\">Th\u00e8me<\/span> <strong>\u00ab\u00a0A &#8211; R\u00e9flexions sur les \u00e9vangiles\u00a0\u00bb<\/strong> vous y d\u00e9couvrirez mes interpr\u00e9tations \u00e9crites dans un\u00a0<strong>\u00ab\u00a0esprit universel\u00a0\u00bb, <\/strong>sans dogmes, sans id\u00e9ologies, et par l\u00e0-m\u00eame compr\u00e9hensibles aussi bien par des\u00a0croyants que\u00a0par des non croyants. <\/em><\/div>\n<div style=\"text-align: justify;\"><em>En cliquant sur le <span style=\"text-decoration: underline;\">Lien<\/span> <strong>\u00ab\u00a0Dialogue Po\u00e8mes audio &#8230;\u00a0\u00bb <\/strong>vous pourrez entendre ces m\u00eames po\u00e8mes qui passent sur Dialogue RCF tous les dimanches \u00e0 9h27 et 10h27.<\/em><\/div>\n<div style=\"text-align: justify;\"><em>Et enfin, en cliquant sur le <span style=\"text-decoration: underline;\">Lien<\/span> <strong>\u00ab\u00a0Dialogue-RCF &#8230;\u00a0\u00bb<\/strong> vous acc\u00e9derez\u00a0si telle est votre envie \u00e0 la dite radio chr\u00e9tienne \u0153cum\u00e9nique.<\/em><\/div>\n<div style=\"text-align: justify;\"><strong>.<\/strong><\/div>\n<div>.<\/div>\n<div style=\"text-align: center;\"><span style=\"font-size: 14pt;\"><em><strong>Un monde d\u2019espoir est en route, <\/strong><\/em><\/span><\/div>\n<div>.<\/div>\n<div style=\"text-align: center;\"><span style=\"font-size: 14pt;\"><em><strong>porteur de paix, de fraternit\u00e9, de justice \u2026<\/strong><\/em><\/span><\/div>\n<div style=\"text-align: center;\"><span style=\"font-size: 14pt;\"><em>.<strong><br \/>\nUn monde nouveau est possible <\/strong><\/em><\/span><\/div>\n<div>.<\/div>\n<div style=\"text-align: center;\"><span style=\"font-size: 14pt;\"><em><strong>si nous\u00a0le construisons tous ensemble\u00a0!!!<\/strong><\/em><\/span><\/div>\n<div>.<\/div>\n<div>.<\/div>\n<div style=\"text-align: center;\"><span style=\"font-size: 14pt;\"><strong>*\u00a0 *\u00a0 *\u00a0 *\u00a0 *\u00a0 *\u00a0 *<\/strong><\/span><\/div>\n<div style=\"text-align: center;\"><span style=\"font-size: 14pt;\"><strong>\u00a0<\/strong><\/span><\/div>\n<div style=\"text-align: justify;\"><\/div>\n<div style=\"text-align: justify;\"><\/div>\n<div style=\"text-align: justify;\"><\/div>\n<div style=\"text-align: justify;\"><\/div>\n<div style=\"text-align: justify;\">\n<p>&nbsp;<\/p>\n<div style=\"text-align: left;\"><strong>Petite astuce : Les textes des illustrations sont parfois difficiles \u00e0 lire, aussi je vous conseille de cliquer dessus et vous les aurez en grand format. Un clic sur retour et vous revenez \u00e0 vos \u00e9ditos. Bonne lecture <span style=\"font-size: 14pt; text-decoration: underline;\"><br \/>\n<\/span><\/strong><\/div>\n<div style=\"text-align: left;\"><\/div>\n<div style=\"text-align: left;\">**********************************************************************************************<\/div>\n<\/div>\n<div><\/div>\n<div><\/div>\n<div><\/div>\n<div><\/div>\n<div style=\"text-align: justify;\">\n<div style=\"text-align: left;\"><\/div>\n<\/div>\n","protected":false},"excerpt":{"rendered":"<p>&nbsp; Comme notre\u00a0petite n\u00e9buleuse H\u00e9lix, appel\u00e9e\u00a0souvent \u00ab\u0152il de Dieu \u00bb je suis l\u00e0 pour vous faire un clin d\u2019\u0153il et vous encourager si besoin est \u00e0 changer de conscience. Je <a class=\"more-link\" href=\"http:\/\/www.unnouveaumonde.org\/site\/\">&#8230; Lire plus \u2192<\/a><\/p>\n","protected":false},"author":1,"featured_media":0,"parent":0,"menu_order":0,"comment_status":"closed","ping_status":"closed","template":"","meta":[],"_links":{"self":[{"href":"http:\/\/www.unnouveaumonde.org\/site\/wp-json\/wp\/v2\/pages\/2"}],"collection":[{"href":"http:\/\/www.unnouveaumonde.org\/site\/wp-json\/wp\/v2\/pages"}],"about":[{"href":"http:\/\/www.unnouveaumonde.org\/site\/wp-json\/wp\/v2\/types\/page"}],"author":[{"embeddable":true,"href":"http:\/\/www.unnouveaumonde.org\/site\/wp-json\/wp\/v2\/users\/1"}],"replies":[{"embeddable":true,"href":"http:\/\/www.unnouveaumonde.org\/site\/wp-json\/wp\/v2\/comments?post=2"}],"version-history":[{"count":34,"href":"http:\/\/www.unnouveaumonde.org\/site\/wp-json\/wp\/v2\/pages\/2\/revisions"}],"predecessor-version":[{"id":1894,"href":"http:\/\/www.unnouveaumonde.org\/site\/wp-json\/wp\/v2\/pages\/2\/revisions\/1894"}],"wp:attachment":[{"href":"http:\/\/www.unnouveaumonde.org\/site\/wp-json\/wp\/v2\/media?parent=2"}],"curies":[{"name":"wp","href":"https:\/\/api.w.org\/{rel}","templated":true}]}}