{"id":1373,"date":"2015-04-05T19:06:05","date_gmt":"2015-04-05T17:06:05","guid":{"rendered":"http:\/\/www.unnouveaumonde.org\/site\/?page_id=1373"},"modified":"2018-02-07T17:30:07","modified_gmt":"2018-02-07T15:30:07","slug":"cancer-rebondir-ensemble","status":"publish","type":"page","link":"http:\/\/www.unnouveaumonde.org\/site\/sante\/cancer-rebondir-ensemble\/","title":{"rendered":"Cancer: \u00ab\u00a0REBONDIR ENSEMBLE\u00a0\u00bb"},"content":{"rendered":"<p>&nbsp;<\/p>\n<p style=\"text-align: center;\">.<\/p>\n<p style=\"text-align: center;\"><span style=\"font-size: 18pt;\"><strong>ASSOCIATION<\/strong><\/span><\/p>\n<p style=\"text-align: center;\"><span style=\"font-size: 18pt;\"><strong>\u00ab REBONDIR ENSEMBLE \u00bb<\/strong><\/span><\/p>\n<p style=\"text-align: center;\">*\u00a0 *\u00a0 *<\/p>\n<p style=\"text-align: center;\"><span style=\"font-family: book antiqua,palatino; font-size: 12pt;\">24 Rue Fortia &#8211; 13001 MARSEILLE<\/span><br \/>\n<span style=\"font-family: book antiqua,palatino; font-size: 12pt;\"> T\u00e9l\u00e9phone 09 66 12 24 62 \/\/ Mobile 06 22 60 60 39<\/span><br \/>\n<span style=\"font-family: book antiqua,palatino; font-size: 12pt;\"> Courriel : kristo.fr13@wanadoo.fr<\/span><\/p>\n<p style=\"text-align: justify;\">.<\/p>\n<p style=\"text-align: justify;\"><span style=\"font-size: 12pt; font-family: book antiqua,palatino;\">L&rsquo;Association a \u00e9t\u00e9 cr\u00e9\u00e9e en Septembre 2013.<\/span><\/p>\n<p style=\"text-align: justify;\"><span style=\"font-size: 12pt; font-family: book antiqua,palatino;\">Pour les femmes ayant subi une ablation du sein ou mastectomie, elle r\u00e9pond \u00e0 un besoin vital d&rsquo;acc\u00e9der enfin \u00e0 une v\u00e9ritable information compl\u00e8te et d\u00e9ontologique pour pouvoir sortir de leur cauchemar.<\/span><\/p>\n<p style=\"text-align: justify;\"><span style=\"font-size: 12pt; font-family: book antiqua,palatino;\">Ayant eu moi-m\u00eame un cancer du sein et une ablation, j&rsquo;en parle en connaissance de cause.<\/span><\/p>\n<p style=\"text-align: justify;\"><span style=\"font-size: 12pt; font-family: book antiqua,palatino;\">C\u2019est dans la plupart des cas un parcours du combattant que l&rsquo;on vit, dans un \u00e9tat de faiblesse, que ne peuvent comprendre que celles qui l&rsquo;ont v\u00e9cu. La plupart n&rsquo;ont pas la r\u00e9silience suffisante pour \u00abgal\u00e9rer\u00bb sur Google,\u00a0 aller \u00e0 la p\u00eache \u00e0 l&rsquo;information, puis synth\u00e9tiser tout cela au mieux possible.<\/span><\/p>\n<p style=\"text-align: justify;\"><span style=\"font-size: 12pt; font-family: book antiqua,palatino;\">Pour ma part, j&rsquo;ai eu la chance de pouvoir \u00eatre reconstruite enti\u00e8rement gratuitement par la technique du DIEP (Deep inferior epigastric perforator flap), une technique du 3\u00e8me mill\u00e9naire extraordinaire.<\/span><\/p>\n<p style=\"text-align: justify;\"><span style=\"font-size: 12pt; font-family: book antiqua,palatino;\">Alors, je vous dis<\/span><\/p>\n<p style=\"text-align: justify;\">\n<p style=\"text-align: justify;\"><span style=\"font-size: 12pt; font-family: book antiqua,palatino;\"><em>\u00a0<\/em><\/span><\/p>\n<p style=\"text-align: justify;\">.<\/p>\n<p style=\"text-align: center;\">.<a href=\"http:\/\/www.unnouveaumonde.org\/site\/wp-content\/uploads\/ne-jamais-abandonner.jpg\"><img decoding=\"async\" loading=\"lazy\" class=\"aligncenter size-full wp-image-1374\" src=\"http:\/\/www.unnouveaumonde.org\/site\/wp-content\/uploads\/ne-jamais-abandonner.jpg\" alt=\"ne jamais abandonner\" width=\"307\" height=\"395\" srcset=\"http:\/\/www.unnouveaumonde.org\/site\/wp-content\/uploads\/ne-jamais-abandonner.jpg 307w, http:\/\/www.unnouveaumonde.org\/site\/wp-content\/uploads\/ne-jamais-abandonner-233x300.jpg 233w\" sizes=\"(max-width: 307px) 100vw, 307px\" \/><\/a>..<\/p>\n<p style=\"text-align: justify;\">.<\/p>\n<p style=\"text-align: justify;\">.<\/p>\n<p style=\"text-align: justify;\"><span style=\"font-size: 12pt; font-family: book antiqua,palatino;\"><em>Octobre Rose 2014 signale \u00e0 nouveau que 70% des femmes mutil\u00e9es ne sont pas reconstruites. Pour 10% d&rsquo;entre elles, c&rsquo;est un choix d\u00e9lib\u00e9r\u00e9 mais, pour 60%, il est prouv\u00e9 que c&rsquo;est par manque d\u2019information sur les techniques et la gratuit\u00e9, qu&rsquo;elles renoncent \u00e0 prendre leurs vies en mains pour aller de l\u2019avant.\u00a0<\/em><\/span><\/p>\n<p style=\"text-align: justify;\"><span style=\"font-size: 12pt; font-family: book antiqua,palatino;\">L\u2019Association ayant \u00e9t\u00e9 cr\u00e9\u00e9e pour pallier \u00e0 cela, elle se veut un point de rencontre, de dialogue, d\u2019information. <\/span><\/p>\n<p style=\"text-align: justify;\"><span style=\"font-size: 12pt; font-family: book antiqua,palatino;\">Elle est reconnue d\u2019Utilit\u00e9 G\u00e9n\u00e9rale. On y trouve des femmes \u00e0 la m\u00eame pathologie, reconstruites par diff\u00e9rentes techniques, entre autre celle du DIEP*, dont j&rsquo;ai pu b\u00e9n\u00e9ficier moi-m\u00eame, la plus r\u00e9cente, qui a fait ses preuves depuis des dizaines d\u2019ann\u00e9es aux U.S.A., et pratiqu\u00e9e en France depuis 10 ans environ. <\/span><\/p>\n<p style=\"text-align: justify;\"><span style=\"font-size: 12pt; font-family: book antiqua,palatino;\">On retrouve une vraie poitrine d\u00e9finitive avec un sein vivant. Dommage que cette technique d\u2019avenir soit si peu connue par le corps m\u00e9dical, malgr\u00e9 que sur Marseille nous ayons la chance d\u2019avoir une \u00e9quipe des plus performantes.<\/span><\/p>\n<p style=\"text-align: justify;\"><span style=\"font-size: 12pt; font-family: book antiqua,palatino;\">A l\u2019Association, r\u00e8gne un \u00e9change convivial, chaleureux, efficace, car on ose s\u2019y montrer en t\u00e9moins vivants.<\/span><\/p>\n<p style=\"text-align: justify;\"><span style=\"font-size: 12pt; font-family: book antiqua,palatino;\"> Celles qui cherchent un \u00abnouveau d\u00e9part\u00bb y trouvent confiance et espoir. <\/span><\/p>\n<p style=\"text-align: justify;\"><span style=\"font-size: 12pt; font-family: book antiqua,palatino;\">C\u2019est un \u00abdroit\u00bb que d\u2019avoir le \u00abchoix\u00bb d\u2019\u00eatre reconstruites ou pas, en toute connaissance de cause, technique ou financi\u00e8re. <\/span><\/p>\n<p style=\"text-align: justify;\"><span style=\"font-size: 12pt; font-family: book antiqua,palatino;\">Ce n\u2019est pas de la coquetterie, mais une question de \u00abvraie vie\u00bb. <\/span><\/p>\n<p style=\"text-align: justify;\"><span style=\"font-size: 12pt; font-family: book antiqua,palatino;\">En effet, comme les femmes en t\u00e9moignent, il est plus que bizarre qu\u2019on leur demande de faire \u00able deuil d\u2019un sein\u00bb ! Lorsque le corps est mutil\u00e9, il est d\u00e9s\u00e9quilibr\u00e9 \u00e9nerg\u00e9tiquement, et ne fonctionne plus alors normalement. <\/span><\/p>\n<p style=\"text-align: justify;\"><span style=\"font-size: 12pt; font-family: book antiqua,palatino;\">.<\/span><\/p>\n<p style=\"text-align: center;\"><span style=\"font-size: 12pt;\"><em><strong>Apr\u00e8s un cancer du sein, on a le droit de r\u00e9clamer <\/strong><\/em><\/span><\/p>\n<p style=\"text-align: center;\"><span style=\"font-size: 12pt;\"><em><strong>la possibilit\u00e9 de vivre une deuxi\u00e8me vraie vie.<\/strong><\/em><\/span><\/p>\n<p style=\"text-align: justify;\">.<\/p>\n<p style=\"text-align: center;\"><span style=\"font-family: book antiqua,palatino; font-size: 12pt;\">Alors n&rsquo;h\u00e9sitez pas \u00e0 me joindre \u00e0 l&rsquo;Association :<\/span><br \/>\n<span style=\"font-size: 12pt; font-family: book antiqua,palatino;\"> Christiane Mercier<\/span><br \/>\n<span style=\"font-size: 12pt; font-family: book antiqua,palatino;\">24 Rue Fortia &#8211; 13001 MARSEILLE<\/span><br \/>\n<span style=\"font-size: 12pt; font-family: book antiqua,palatino;\"> T\u00e9l\u00e9phone 09 66 12 24 62 \/\/ Mobile 06 22 60 60 39<\/span><br \/>\n<span style=\"font-size: 12pt; font-family: book antiqua,palatino;\"> Mail : kristo.fr13@wanadoo.fr<\/span><\/p>\n<p style=\"text-align: center;\"><span style=\"font-family: book antiqua,palatino; font-size: 12pt;\">.<\/span><\/p>\n<p style=\"text-align: center;\"><span style=\"font-size: 12pt;\"><strong>* DIEP www.diep-asso.fr<\/strong><\/span><\/p>\n","protected":false},"excerpt":{"rendered":"<p>&nbsp; . ASSOCIATION \u00ab REBONDIR ENSEMBLE \u00bb *\u00a0 *\u00a0 * 24 Rue Fortia &#8211; 13001 MARSEILLE T\u00e9l\u00e9phone 09 66 12 24 62 \/\/ Mobile 06 22 60 60 39 Courriel <a class=\"more-link\" href=\"http:\/\/www.unnouveaumonde.org\/site\/sante\/cancer-rebondir-ensemble\/\">&#8230; Lire plus \u2192<\/a><\/p>\n","protected":false},"author":1,"featured_media":0,"parent":1771,"menu_order":0,"comment_status":"open","ping_status":"closed","template":"","meta":[],"_links":{"self":[{"href":"http:\/\/www.unnouveaumonde.org\/site\/wp-json\/wp\/v2\/pages\/1373"}],"collection":[{"href":"http:\/\/www.unnouveaumonde.org\/site\/wp-json\/wp\/v2\/pages"}],"about":[{"href":"http:\/\/www.unnouveaumonde.org\/site\/wp-json\/wp\/v2\/types\/page"}],"author":[{"embeddable":true,"href":"http:\/\/www.unnouveaumonde.org\/site\/wp-json\/wp\/v2\/users\/1"}],"replies":[{"embeddable":true,"href":"http:\/\/www.unnouveaumonde.org\/site\/wp-json\/wp\/v2\/comments?post=1373"}],"version-history":[{"count":0,"href":"http:\/\/www.unnouveaumonde.org\/site\/wp-json\/wp\/v2\/pages\/1373\/revisions"}],"up":[{"embeddable":true,"href":"http:\/\/www.unnouveaumonde.org\/site\/wp-json\/wp\/v2\/pages\/1771"}],"wp:attachment":[{"href":"http:\/\/www.unnouveaumonde.org\/site\/wp-json\/wp\/v2\/media?parent=1373"}],"curies":[{"name":"wp","href":"https:\/\/api.w.org\/{rel}","templated":true}]}}