{"id":998,"date":"2012-06-20T01:09:00","date_gmt":"2012-06-19T23:09:00","guid":{"rendered":"http:\/\/www.unnouveaumonde.org\/site\/wp-content\/uploads\/lib\u00e9r\u00e9s-des-farcs-en-colombie.jpg"},"modified":"2012-06-20T01:09:00","modified_gmt":"2012-06-19T23:09:00","slug":"liberes-des-farcs-en-colombie","status":"inherit","type":"attachment","link":"http:\/\/www.unnouveaumonde.org\/site\/a-propos\/liberes-des-farcs-en-colombie\/","title":{"rendered":"lib\u00e9r\u00e9s des farcs en colombie"},"author":1,"comment_status":"open","ping_status":"open","template":"","meta":[],"description":{"rendered":"<p class=\"attachment\"><a href='http:\/\/www.unnouveaumonde.org\/site\/wp-content\/uploads\/lib\u00e9r\u00e9s-des-farcs-en-colombie.jpg'><img width=\"300\" height=\"199\" src=\"http:\/\/www.unnouveaumonde.org\/site\/wp-content\/uploads\/lib\u00e9r\u00e9s-des-farcs-en-colombie-300x199.jpg\" class=\"attachment-medium size-medium\" alt=\"\" decoding=\"async\" loading=\"lazy\" srcset=\"http:\/\/www.unnouveaumonde.org\/site\/wp-content\/uploads\/lib\u00e9r\u00e9s-des-farcs-en-colombie-300x199.jpg 300w, http:\/\/www.unnouveaumonde.org\/site\/wp-content\/uploads\/lib\u00e9r\u00e9s-des-farcs-en-colombie.jpg 800w\" sizes=\"(max-width: 300px) 100vw, 300px\" \/><\/a><\/p>\n"},"caption":{"rendered":""},"alt_text":"","media_type":"image","mime_type":"image\/jpeg","media_details":{"width":"800","height":"533","hwstring_small":"height='85' width='128'","file":"lib\u00e9r\u00e9s-des-farcs-en-colombie.jpg","sizes":{"thumbnail":{"file":"lib\u00e9r\u00e9s-des-farcs-en-colombie-150x150.jpg","width":"150","height":"150","source_url":"http:\/\/www.unnouveaumonde.org\/site\/wp-content\/uploads\/lib\u00e9r\u00e9s-des-farcs-en-colombie-150x150.jpg"},"medium":{"file":"lib\u00e9r\u00e9s-des-farcs-en-colombie-300x199.jpg","width":"300","height":"199","source_url":"http:\/\/www.unnouveaumonde.org\/site\/wp-content\/uploads\/lib\u00e9r\u00e9s-des-farcs-en-colombie-300x199.jpg"},"full":{"file":"lib\u00e9r\u00e9s-des-farcs-en-colombie.jpg","width":800,"height":533,"mime_type":"image\/jpeg","source_url":"http:\/\/www.unnouveaumonde.org\/site\/wp-content\/uploads\/lib\u00e9r\u00e9s-des-farcs-en-colombie.jpg"}},"image_meta":{"aperture":"0","credit":"","camera":"","caption":"","created_timestamp":"0","copyright":"","focal_length":"0","iso":"0","shutter_speed":"0","title":""}},"post":2,"source_url":"http:\/\/www.unnouveaumonde.org\/site\/wp-content\/uploads\/lib\u00e9r\u00e9s-des-farcs-en-colombie.jpg","_links":{"self":[{"href":"http:\/\/www.unnouveaumonde.org\/site\/wp-json\/wp\/v2\/media\/998"}],"collection":[{"href":"http:\/\/www.unnouveaumonde.org\/site\/wp-json\/wp\/v2\/media"}],"about":[{"href":"http:\/\/www.unnouveaumonde.org\/site\/wp-json\/wp\/v2\/types\/attachment"}],"author":[{"embeddable":true,"href":"http:\/\/www.unnouveaumonde.org\/site\/wp-json\/wp\/v2\/users\/1"}],"replies":[{"embeddable":true,"href":"http:\/\/www.unnouveaumonde.org\/site\/wp-json\/wp\/v2\/comments?post=998"}]}}

http://www.unnouveaumonde.org/site/wp-content/uploads/libérés-des-farcs-en-colombie.jpg

libérés des farcs en colombie

<p class="attachment"><a href='http://www.unnouveaumonde.org/site/wp-content/uploads/libérés-des-farcs-en-colombie.jpg'><img width="300" height="199" src="http://www.unnouveaumonde.org/site/wp-content/uploads/libérés-des-farcs-en-colombie-300x199.jpg" class="attachment-medium size-medium" alt="" decoding="async" loading="lazy" srcset="http://www.unnouveaumonde.org/site/wp-content/uploads/libérés-des-farcs-en-colombie-300x199.jpg 300w, http://www.unnouveaumonde.org/site/wp-content/uploads/libérés-des-farcs-en-colombie.jpg 800w" sizes="(max-width: 300px) 100vw, 300px" /></a></p>

libérés-des-farcs-en-colombie.jpg

libérés-des-farcs-en-colombie-150x150.jpg

http://www.unnouveaumonde.org/site/wp-content/uploads/libérés-des-farcs-en-colombie-150x150.jpg

libérés-des-farcs-en-colombie-300x199.jpg

http://www.unnouveaumonde.org/site/wp-content/uploads/libérés-des-farcs-en-colombie-300x199.jpg
